-2))/(4/u).
5
Suppose -4*r + 144 = -0*r. What are the prime factors of r?
2, 3
Suppose 0 = -2*x - 0 + 10. Suppose 0 = 2*q + 4*b - 68, -x*b + 155 = 5*q - 0*q. List the prime factors of q.
2, 7
Let a(s) = s**2 + s + 26. What are the prime factors of a(-6)?
2, 7
Suppose 9 = -0*t - 3*t. What are the prime factors of 0 + 0/t - -14?
2, 7
Suppose 7*z = 12*z. Suppose 0 = 2*l - z*l - 68. What are the prime factors of l?
2, 17
Let v = 23 - 13. Suppose -6*d = -d - v. List the prime factors of d.
2
Let p = 18 - 18. What are the prime factors of (-1 + 2)*(9 + p)?
3
Suppose -3*c + c + 10 = 5*q, q + 21 = -5*c. Suppose q*x + 4 = 4*y, y + 25 = -5*x + 2*y. What are the prime factors of ((-2)/1)/(4/x)?
3
Let d(f) = -2 - 21*f + 6*f + 21 - f**2. List the prime factors of d(-14).
3, 11
Suppose 10*j = 5*j - 15. Let h(t) = -t**3 - 2*t**2 - t + 3. List the prime factors of h(j).
3, 5
Suppose -301 = -3*l + 4*d, 3*l = 3*d + 370 - 70. Suppose 4*b = -q - 2*q + 119, 3*b - q - l = 0. What are the prime factors of b?
2
Let p = 11 + -7. Suppose 4*b + 7*g = p*g + 32, 0 = 5*g. What are the prime factors of b?
2
Suppose -2*l - 160 = -5*m, -l - 82 = -3*m + 3*l. What are the prime factors of m?
2, 17
Let z = 10 - 7. Let l(k) = 3*k**2 - k + k - k**z - 2*k + k. What are the prime factors of l(2)?
2
Suppose -5*k = -4*i + 308, 4*k + 246 = -0*i + 3*i. Suppose 5*a = -4*s - 28, a - 7*s - 6 = -2*s. What are the prime factors of (a/(-6))/((-8)/k)?
5
Suppose 2*y - 4*v - 42 = 0, -2*y + 0*y = -3*v - 44. Let n = y + -17. Suppose -4*r + 8 = 0, 2*r - n = -2*u + 7*r. What are the prime factors of u?
3
Let p be -3 - -121 - (-2)/1. Suppose 0 = -5*k + p. List the prime factors of k.
2, 3
Let u = 56 + 10. List the prime factors of (11/22)/(1/u).
3, 11
List the prime factors of (-2 - 2)/((-7)/42).
2, 3
Suppose -3*v - 4*l = -637, 3*v + 4*l - 852 = -v. List the prime factors of v.
5, 43
Let g = 190 + -18. Suppose -3*q + g = q. List the prime factors of q.
43
Suppose 6*g - 4*g + 4 = 0. Let m(l) = -6*l - 3. List the prime factors of m(g).
3
Let w(g) = 21*g + 1. List the prime factors of w(22).
463
Suppose -21 = -5*r - 1. Suppose r*z + 0 - 104 = 0. List the prime factors of z.
2, 13
Suppose -4*j - 62 = -262. Suppose -j = -2*n - 5*k + 18, 4*n = -5*k + 126. Let y = -14 + n. List the prime factors of y.
3, 5
Let k = 13 + -3. List the prime factors of k.
2, 5
Suppose -4*r + 4 + 4 = 0, -5*r = -5*l + 10. Let b(v) = l*v + 3 - 3 + 1. What are the prime factors of b(2)?
3
Suppose 5 = 4*r + 33. Let d = r + -1. What are the prime factors of 3/4*(0 - d)?
2, 3
What are the prime factors of (-20)/70 + (-912)/(-7)?
2, 5, 13
Suppose 2*s = i + 4*i + 160, 0 = 4*s + 5*i - 380. Suppose 2*g - 48 = d, 3*g = d - 4*d + s. What are the prime factors of g?
2, 13
Suppose -3*n - 6 = 39. List the prime factors of (-108)/n - 2/10.
7
Suppose 0 = 3*x + 5*f - 0*f + 25, f = 5*x - 5. Suppose -y - 2*y + 63 = x. List the prime factors of y.
3, 7
Suppose 0 = -5*j + 204 - 79. List the prime factors of j.
5
Suppose -o + 22 = 5*i, 0*i + 4*o - 4 = i. Suppose -i + 0 = -5*t + 4*m, 2*t - 4*m = 4. Suppose 3*j = 9, 2*c - 4*j = -t*c. List the prime factors of c.
2, 3
Let w be (-33)/(-2 - -5)*14. What are the prime factors of 1/(-2) - w/4?
2, 19
Let i = 27 + -20. List the prime factors of i.
7
Let b(i) = 4*i - 5. Let h be 2/(3*(-3)/(-18)). What are the prime factors of b(h)?
11
Let a(c) = -c**2 - 8*c - 4. Let i be a(-6). Suppose i*s - 9*s + 14 = 0. List the prime factors of s.
2, 7
Let l be 0 - ((-14)/(-1))/(-1). Let u = 22 - l. Suppose -5*v + 55 = 3*o, 9 + u = o + v. What are the prime factors of o?
3, 5
Let q(l) = -l**3 + 1 - 2 + 0 - 5*l**2 - 4*l + 2. Let v be q(-4). Suppose -3*g + v + 38 = 0. List the prime factors of g.
13
List the prime factors of (-94)/(-7) + 45/(-105).
13
Let r(o) = -o**3 + o + 3. Let j be r(-3). Let l = j - -21. What are the prime factors of l?
2, 3
Let o(w) = 2*w - 7. Let t be o(5). Let z(k) = -6*k + 0*k**3 + k + 3*k**2 - t + k**3. What are the prime factors of z(-3)?
2, 3
Let y be 13 + 0 + 0 - 2. Suppose 5*t = h + 31, 3*h - y = -t + 2*h. What are the prime factors of t?
7
Suppose 5*n + 2*u - 7 - 21 = 0, 2*n + 4*u - 8 = 0. List the prime factors of n/(-4)*52/(-6).
13
Let n = 7 - 20. Let w = 3 - n. Let t = -10 + w. What are the prime factors of t?
2, 3
Let a(j) = j**3 + 8*j**2 + 7*j + 17. List the prime factors of a(-7).
17
Let f(z) = z - 1. Let l be f(3). Suppose 3 = -2*t + 3*x, -3*x - l*x = 5*t - 30. Suppose 3*i = -d + 6 + 14, -3*d - t*i = -42. What are the prime factors of d?
11
List the prime factors of (18/(-15))/(4/(-230)).
3, 23
Let u be 3*(3/(-9) - -1). Suppose -j + 2*j + 5*f + 10 = 0, u*f = j - 18. List the prime factors of j.
2, 5
Suppose 5*v - 2*s = 12, -3*s - 2 = -3*v - 7*s. Let c(n) = -n**3 + n**2 + n - 2. Let i be c(v). What are the prime factors of (i/6)/((-4)/18)?
3
Let c be (-2)/7 - (-184)/56. Suppose -c*u + d = -u - 20, -u - 2*d + 20 = 0. List the prime factors of u.
2, 3
Suppose m = 3*m + 6. Let f(y) = -6*y**3 - y - 1. Let t(j) = -7*j**3 + j**2 - j - 2. Let s(b) = -6*f(b) + 5*t(b). List the prime factors of s(m).
11
Let i = 26 - 24. Suppose 2*y = 5*y - 42. Suppose 14 = f + 3*o, -6 - y = -i*f - 2*o. List the prime factors of f.
2
Suppose 52 + 88 = g. What are the prime factors of g?
2, 5, 7
What are the prime factors of -3 - (-2 + -99 + 3)?
5, 19
Let t = 9 - 4. Suppose t*n = n. Suppose n*a + 4*a = 20. What are the prime factors of a?
5
Let v = 45 + -30. List the prime factors of (3 - 6)*v/(-9).
5
Let m(u) be the second derivative of u**4/12 - 2*u**3/3 + 2*u**2 - u. Let g = 15 - 11. List the prime factors of m(g).
2
Let j = -213 + 351. What are the prime factors of j?
2, 3, 23
Suppose 123 = 2*r + t, r + 2*t = -3*t + 48. What are the prime factors of r?
3, 7
Let h = -82 + 123. List the prime factors of h.
41
Suppose 2*u + 6 = 5*u. Suppose v - 24 = -u*v. What are the prime factors of 2/(-1)*-1*v?
2
Let x(w) = w**2 - 9*w - 41. What are the prime factors of x(15)?
7
Let w(f) = -f - 13. Let o be w(-11). Let z = o + 7. What are the prime factors of z?
5
Let z(b) = -4*b - 4. Let l be z(-4). What are the prime factors of l + 0*(4 - 3)?
2, 3
Let n be ((-4)/5)/(1/(-20)). Suppose -4*m - n = -2*v, 5 + 15 = v + m. Let s = v + -9. List the prime factors of s.
7
Let t be 28/10 + 2/10. Let x(z) = -3*z**2 + z**2 - t*z - z**3 - z**3. List the prime factors of x(-2).
2, 7
Let j = -59 - -88. List the prime factors of j.
29
Let g be (-31 - (0 - 0))/(-1). Let s = g - 3. List the prime factors of s.
2, 7
Let m(i) be the third derivative of -1/60*i**5 + 4*i**2 - 3/8*i**4 + 0*i - i**3 + 0. What are the prime factors of m(-6)?
2, 3
Suppose 2*u = -4*k + 6*k + 342, 0 = -5*u - 5*k + 825. List the prime factors of u.
2, 3, 7
Let m(d) = -3*d. Suppose 2*h + 2 = 8. Let u be m(h). Let q = 22 + u. List the prime factors of q.
13
Suppose g + 11 = 1. Let s(k) = -k**2 - 11*k. What are the prime factors of s(g)?
2, 5
Suppose 5*k - 33 = 2*k - 5*s, 3*k = -2*s + 24. What are the prime factors of k?
2, 3
Suppose 5*s - 11 = -u, -5*s - 2*u + 8 = -4. Let n(m) = 3*m. List the prime factors of n(s).
2, 3
Suppose 2*m - 10 = 0, -5*p + 34 = 4*m - 6. Suppose -p*k + 16 = -0. List the prime factors of k.
2
Let r be 108/15 - 2/10. Let c = r - -1. List the prime factors of c.
2
Let o(c) = c**3 + c. Let t be o(-1). Let l = 6 + t. List the prime factors of l.
2
Suppose -x - 4*x = -55. What are the prime factors of x?
11
Let u be -3 + (0 - 0) + 5. Suppose h - 28 = -2*m, 0 = -u*m + 7*h - 2*h + 52. Suppose -2*t - l + 19 = 3*t, 5*t + 4*l = m. List the prime factors of t.
2
Let a(t) be the first derivative of t**3/3 + t**2/2 - 4*t - 6. List the prime factors of a(-7).
2, 19
Suppose 5*s - 31 = 4. Suppose -2*l = -5*t + 21, -t + 0*t = l - s. Suppose 0 = -2*f + c + 17, f + c - 2 = l. List the prime factors of f.
7
Let t be 3 + (-4)/(-6)*207. Suppose t = 4*r + 21. List the prime factors of r.
2, 3, 5
Suppose -2*o = 2*i - 312, 9*o - 4*o - 460 = -3*i. Suppose i = -3*m + 8*m. List the prime factors of m.
2
Suppose 0 = -6*r + 3*r + 3*v - 18, 5*r - 2*v = -21. Let f be -12 - r - (-3 - 0). Let t = f + 17. What are the prime factors of t?
11
Suppose 8*w - 3*w = 2*g - 7, 0 = 2*w - g + 2. Let x(p) = p**3 + 4*p**2 + 2*p - 2. Let z be x(w). List the prime factors of 13 - (z + -1 - -3).
